ulate the remainder when 85 is divided by 75.
10
What is the remainder when 370 is divided by 100?
70
What is the remainder when 558 is divided by 20?
18
Calculate the remainder when 738 is divided by 90.
18
Calculate the remainder when 401 is divided by 14.
9
What is the remainder when 366 is divided by 74?
70
Calculate the remainder when 155 is divided by 49.
8
Calculate the remainder when 416 is divided by 78.
26
What is the remainder when 299 is divided by 21?
5
What is the remainder when 450 is divided by 153?
144
What is the remainder when 454 is divided by 121?
91
Calculate the remainder when 279 is divided by 95.
89
Calculate the remainder when 68 is divided by 35.
33
Calculate the remainder when 163 is divided by 111.
52
Calculate the remainder when 7879 is divided by 73.
68
Calculate the remainder when 67 is divided by 14.
11
Calculate the remainder when 403 is divided by 15.
13
What is the remainder when 140 is divided by 29?
24
What is the remainder when 19918 is divided by 15?
13
Calculate the remainder when 155 is divided by 42.
29
What is the remainder when 10006 is divided by 3331?
13
What is the remainder when 3046 is divided by 76?
6
What is the remainder when 94 is divided by 42?
10
What is the remainder when 11218 is divided by 20?
18
What is the remainder when 110 is divided by 51?
8
Calculate the remainder when 1051 is divided by 31.
28
Calculate the remainder when 876 is divided by 80.
76
What is the remainder when 37 is divided by 10?
7
Calculate the remainder when 6159 is divided by 176.
175
Calculate the remainder when 225 is divided by 58.
51
What is the remainder when 72 is divided by 26?
20
What is the remainder when 306 is divided by 162?
144
What is the remainder when 1027 is divided by 15?
7
Calculate the remainder when 225 is divided by 78.
69
What is the remainder when 268 is divided by 88?
4
What is the remainder when 303 is divided by 17?
14
Calculate the remainder when 43093 is divided by 65.
63
Calculate the remainder when 492 is divided by 38.
36
Calculate the remainder when 230 is divided by 39.
35
Calculate the remainder when 336 is divided by 110.
6
Calculate the remainder when 319 is divided by 102.
13
What is the remainder when 661 is divided by 35?
31
What is the remainder when 377 is divided by 101?
74
What is the remainder when 167 is divided by 42?
41
What is the remainder when 1425 is divided by 708?
9
What is the remainder when 49 is divided by 16?
1
What is the remainder when 395 is divided by 33?
32
Calculate the remainder when 75 is divided by 16.
11
What is the remainder when 161 is divided by 29?
16
Calculate the remainder when 1116 is divided by 10.
6
Calculate the remainder when 8552 is divided by 407.
5
Calculate the remainder when 514 is divided by 70.
24
Calculate the remainder when 217 is divided by 102.
13
Calculate the remainder when 675 is divided by 35.
10
What is the remainder when 266 is divided by 15?
11
What is the remainder when 229 is divided by 24?
13
Calculate the remainder when 707 is divided by 9.
5
Calculate the remainder when 34 is divided by 32.
2
Calculate the remainder when 1592 is divided by 29.
26
What is the remainder when 162 is divided by 50?
12
Calculate the remainder when 100 is divided by 78.
22
Calculate the remainder when 276 is divided by 72.
60
What is the remainder when 3908 is divided by 83?
7
What is the remainder when 4402 is divided by 29?
23
Calculate the remainder when 1352 is divided by 149.
11
What is the remainder when 222 is divided by 75?
72
What is the remainder when 392 is divided by 18?
14
What is the remainder when 139 is divided by 6?
1
Calculate the remainder when 350 is divided by 343.
7
Calculate the remainder when 4367 is divided by 42.
41
What is the remainder when 853 is divided by 78?
73
What is the remainder when 8399 is divided by 12?
11
Calculate the remainder when 199 is divided by 5.
4
Calculate the remainder when 10279 is divided by 69.
67
Calculate the remainder when 41 is divided by 18.
5
Calculate the remainder when 190 is divided by 21.
1
Calculate the remainder when 535 is divided by 138.
121
What is the remainder when 330 is divided by 111?
108
What is the remainder when 257 is divided by 137?
120
What is the remainder when 126 is divided by 107?
19
What is the remainder when 5985 is divided by 113?
109
What is the remainder when 88 is divided by 29?
1
Calculate the remainder when 1474 is divided by 82.
80
Calculate the remainder when 514 is divided by 28.
10
What is the remainder when 1922 is divided by 191?
12
What is the remainder when 733 is divided by 25?
8
Calculate the remainder when 68 is divided by 35.
33
Calculate the remainder when 313 is divided by 53.
48
Calculate the remainder when 1644 is divided by 61.
58
Calculate the remainder when 8411 is divided by 179.
177
Calculate the remainder when 206 is divided by 19.
16
What is the remainder when 1097 is divided by 1057?
40
Calculate the remainder when 2342 is divided by 34.
30
Calculate the remainder when 169 is divided by 55.
4
What is the remainder when 184 is divided by 55?
19
Calculate the remainder when 78 is divided by 64.
14
Calculate the remainder when 2693 is divided by 55.
53
Calculate the remainder when 884 is divided by 24.
20
Calculate the remainder when 1564 is divided by 56.
52
What is the remainder when 112 is divided by 38?
36
Calculate the remainder when 12 is divided by 12.
0
What is the remainder when 181 is divided by 76?
29
Calculate the remainder when 20535 is divided by 14.
11
Calculate the remainder when 714 is divided by 55.
54
Calculate the remainder when 133 is divided by 35.
28
What is the remainder when 240 is divided by 75?
15
Calculate the remainder when 72 is divided by 4.
0
What is the remainder when 674 is divided by 13?
11
What is the remainder when 507 is divided by 15?
12
What is the remainder when 139 is divided by 30?
19
Calculate the remainder when 109 is divided by 59.
50
What is the remainder when 2801 is divided by 51?
47
What is the remainder when 1053 is divided by 176?
173
What is the remainder when 63 is divided by 29?
5
What is the remainder when 1329 is divided by 46?
41
What is the remainder when 2681 is divided by 61?
58
Calculate the remainder when 406 is divided by 37.
36
Calculate the remainder when 1816 is divided by 363.
1
What is the remainder when 95 is divided by 9?
5
Calculate the remainder when 43 is divided by 10.
3
What is the remainder when 1077 is divided by 53?
17
Calculate the remainder when 235 is divided by 74.
13
Calculate the remainder when 587 is divided by 276.
35
What is the remainder when 216 is divided by 44?
40
Calculate the remainder when 128 is divided by 10.
8
What is the remainder when 697 is divided by 27?
22
Calculate the remainder when 728 is divided by 146.
144
What is the remainder when 128 is divided by 55?
18
Calculate the remainder when 212 is divided by 9.
5
What is the remainder when 399 is divided by 23?
8
What is the remainder when 13 is divided by 6?
1
What is the remainder when 8391 is divided by 2097?
3
Calculate the remainder when 119 is divided by 15.
14
Calculate the remainder when 22261 is divided by 123.
121
Calculate the remainder when 85 is divided by 9.
4
Calculate the remainder when 6706 is divided by 172.
170
What is the remainder when 16 is divided by 10?
6
What is the remainder when 718 is divided by 24?
22
What is the remainder when 5823 is divided by 34?
9
What is the remainder when 929 is divided by 230?
9
Calculate the remainder when 6867 is divided by 4.
3
What is the remainder when 1155 is divided by 20?
15
Calculate the remainder when 159 is divided by 78.
3
What is the remainder when 506 is divided by 39?
38
What is the remainder when 362 is divided by 52?
50
What is the remainder when 56 is divided by 16?
8
What is the remainder when 388 is divided by 125?
13
What is the remainder when 389 is divided by 107?
68
What is the remainder when 367 is divided by 180?
7
Calculate the remainder when 1550 is divided by 200.
150
Calculate the remainder when 11659 is divided by 216.
211
Calculate the remainder when 88 is divided by 14.
4
What is the remainder when 149 is divided by 29?
4
What is the remainder when 156 is divided by 69?
18
What is t